on factor of g and 315.
63
Suppose 0 = 75*c - 1582 - 1043. Calculate the greatest common divisor of 14315 and c.
35
Let u be -18 - 0/(-1) - (-2 + 5). Let c be 12/u + 3897/21 + -3. Calculate the highest common factor of 52 and c.
26
Suppose 636 = 2*a - 4*u, 0*a + 3*u = 5*a - 1604. Let o = 337 - a. What is the highest common divisor of 5 and o?
5
Let t be 21/(-9)*3 - -1. Let k be (2/(-2 - -8))/(t/(-72)). Suppose -3*i + 502 = -k*w, 2*i - w = 95 + 233. What is the greatest common divisor of 18 and i?
18
Let l = -506 + 838. Let d = 366 - l. Calculate the greatest common factor of 153 and d.
17
Let w be 2/(-10) + 31906/430*(1 - -70). What is the highest common divisor of w and 12?
12
Let n be 40/(-16) + 1866/12. Calculate the greatest common factor of n and 5049.
153
Let u = -8135 + 8288. Calculate the greatest common divisor of u and 425.
17
Let l(v) = 967*v**2 + 33*v - 51. Let m(j) = 969*j**2 + 34*j - 49. Let i(b) = -5*l(b) + 6*m(b). Let t be i(1). What is the greatest common factor of t and 89?
89
Let k be ((-54)/(-189))/(2/28). Suppose -3*g - k*d = -0*g - 30, -4*g - 3*d = -40. Suppose 5*z - g = 4*z. What is the highest common factor of 50 and z?
10
Let w(l) = -3*l - 36. Let s(f) = -4*f - 34. Let m(v) = 6*s(v) - 7*w(v). Let j be m(8). Calculate the greatest common factor of 384 and j.
24
Suppose v - 172 = 4*j, 7*j = 3*v + 2*j - 509. Suppose -26*a + 21*a - 3048 = -132*a. What is the greatest common factor of v and a?
24
Let s be ((-4)/(-6))/(6/9). Let p be ((-60)/(-3))/(s/(-2)). Let z = p - -67. Calculate the greatest common divisor of 27 and z.
27
Suppose -274*w - 318655 = 38*w - 1074319. What is the greatest common divisor of 42 and w?
14
Let t(n) = n**2 - 6*n + 3. Let v be t(6). Suppose 33 = -0*b + v*b. Let m = 3210 - 3089. Calculate the greatest common divisor of m and b.
11
Let j = 12760 + -12740. Calculate the greatest common factor of j and 1115.
5
Suppose 0 = 18*h - 4*h - 84042. Suppose 89*q - h = 80*q. Calculate the greatest common factor of 29 and q.
29
Suppose 26*m - 590 - 149310 - 111790 = 0. What is the highest common factor of 495 and m?
165
Let m be (-7 - -9)/(16/112*(-4)/(-6)). Calculate the highest common factor of m and 615.
3
Suppose -4*j + s - 400 = -40575, 6*s + 50214 = 5*j. Calculate the greatest common divisor of 124 and j.
124
Suppose -11*r + 10 = -6*r. Let h be (-4)/(r - (268/44 + -4)). Calculate the greatest common factor of 308 and h.
44
Let c be 0/((-54)/(-6))*-1. Suppose -5*u + 40*u - 4480 = c. Let k(m) = -3*m - 1. Let o be k(-3). Calculate the highest common factor of o and u.
8
Let n be 2/9*-3 - (-2)/3. Let h be -2 + (105 - -3) + (n - -2). Let q be 3/1 + h/9. Calculate the highest common divisor of q and 75.
15
Suppose -19*l - 772 = -23*l + 4*z, -2*z + 1704 = 9*l. Calculate the greatest common factor of 665 and l.
95
Let m(j) = j**3 + 30*j**2 - 102*j + 60. Let l be m(-32). What is the highest common divisor of l and 174?
58
Suppose 2*b - 4*b = -3*v - 5, 5*b - v - 45 = 0. Let x(n) = -24*n + 2114. Let h be x(66). What is the greatest common divisor of b and h?
10
Let o(p) = -p**3 + 6*p**2 + 2*p - 9. Let u be o(5). Let h = 83 - u. Let d = h - 27. What is the greatest common divisor of d and 10?
10
Let b(k) = -k**3 - 3*k**2 - 8*k + 6. Let r be b(-4). Suppose r = 359*z - 358*z. Calculate the greatest common divisor of z and 12.
6
Let p = 3466 + 7326. Calculate the highest common factor of p and 142.
142
Suppose -4*r + 73 + 3 = 0. Suppose -52 = 2955*s - 1489*s - 1492*s. What is the highest common divisor of s and r?
1
Let a(h) = 57*h - 1251. Let g be a(23). Let y(d) = -5*d - 1. Let x be y(-1). Suppose g = 8*u - x*u. What is the greatest common factor of 165 and u?
15
Suppose 8*v - 242 + 186 = 0. Suppose -v*p + k = -9*p + 49, -p - 5*k = -38. Calculate the highest common factor of 207 and p.
23
Let d(f) = 9*f - 220. Let h be d(25). Suppose -p - 1220 = -h*p. What is the highest common divisor of p and 61?
61
Let n(p) = -19*p - p**2 + 0*p**2 + 16 - 10 + 14. Let l be n(-15). Let w = -1082 - -1102. What is the greatest common divisor of w and l?
20
Suppose -14 + 10 = -a. Let f be (0 + 13)/(a*6/(-72)). Let k = 26 - f. What is the greatest common factor of 13 and k?
13
Suppose 381*z = 155*z + 1647 + 31801. Calculate the highest common divisor of z and 8.
4
Let f(q) = 2*q**2 - 256*q - 2664. Let c be f(-10). Calculate the greatest common factor of c and 2028.
12
Suppose -429 + 66 = -3*m. Let b = m - 115. Calculate the highest common factor of 18 and b.
6
Let m(r) = 147*r - 476. Let v be m(7). Calculate the highest common divisor of v and 35.
7
Let w be (-92)/46*(95/(-15))/(3/18). What is the highest common divisor of 2603 and w?
19
Let g(p) = 2*p**2 + 20*p + 44. Let l be g(-7). Suppose -3*c + 31 = 5*j, -l*c - 4*j = -c - 8. What is the greatest common factor of 40 and c?
4
Suppose 3*a - 4*b - 107 = 0, -2*a - 42106*b = -42109*b - 66. Suppose 9 + 3 = 2*y. What is the greatest common factor of a and y?
3
Let y(l) be the second derivative of -l**5/10 + 19*l**4/4 - 21*l**3/2 + 4*l**2 + 65*l. Let x be y(27). What is the highest common divisor of x and 26?
26
Suppose -4*o - 5*m + 0*m = -14765, -3*o - 4*m = -11074. Calculate the highest common divisor of 123 and o.
123
Let i = -708 - -710. Let o be ((-1)/i)/(((-8)/4)/72). What is the greatest common factor of o and 279?
9
Let r = 22929 - 22916. Calculate the highest common divisor of r and 148.
1
Let y(w) be the first derivative of w**3/3 + 21*w**2/2 + 149*w - 128. Let i be y(-18). What is the highest common divisor of i and 57?
19
Let a be 17 - (-8 + 26 + -15). Calculate the greatest common divisor of 2534 and a.
14
Let a = 30 + -20. Suppose 23*b - 21*b = a. Suppose 3*j = b*f + 109 + 150, -2*j - f + 177 = 0. Calculate the highest common factor of 8 and j.
8
Let k(r) = -r**2 + 12*r - 4. Let m be k(10). Let y be 146/4 - (-2401)/686. What is the highest common factor of y and m?
8
Let b(s) = s**3 - 26*s**2 - 2*s + 67. Let f be b(26). Let l = 7 + -11. Let a = l + f. Calculate the highest common factor of a and 33.
11
Let j(t) = 123*t + 13667. Let h be j(-111). Let z = -4 + 11. Calculate the greatest common factor of h and z.
7
Let l be ((-6 - -9) + -1)*-2. Let h(y) = -8*y + 17. Let s be h(l). What is the highest common factor of 7 and s?
7
Let z = 315 + -321. Let m(y) = y**3 + 6*y**2 + 8. Let i be m(z). Calculate the highest common factor of 128 and i.
8
Suppose -8*l + 11385 = -21793 - 67462. Calculate the greatest common factor of 555 and l.
185
Suppose 7*t = 9686 - 1041. What is the greatest common factor of t and 57?
19
Let b be 1 + 48 - (4 + 2 - 1). Let p = 44 + b. Calculate the highest common divisor of p and 8.
8
Suppose 394 - 2554 = -10*x. Let y = -39 - -51. What is the highest common factor of x and y?
12
Let x = 11823 + -11346. Calculate the highest common divisor of 265 and x.
53
Let l be (-75)/(-6) + (-187)/(-34). Let s(q) = -q**3 - 5*q**2 - 3*q. Let y be s(-6). Calculate the greatest common divisor of l and y.
18
Suppose -3*h + 155 + 58 = 0. Let u = 101 - h. What is the highest common divisor of u and 70?
10
Let o = 3510 - 3289. Calculate the highest common divisor of 2771 and o.
17
Let x be 4 - (-1)/((-3)/(-6)). Suppose -2*p = -4*p - u - 5, -x = 3*p + 2*u. Let j(c) = -3*c - 6. Let k be j(p). Calculate the greatest common factor of 6 and k.
6
Let p be (14 - (9 + -2)) + 277. Let c = p - 266. What is the highest common factor of c and 30?
6
Let h(i) = 1 - 5 + 2 + 7*i. Let x be h(6). Let z be ((-448)/(-98))/((-280)/(-7350)). What is the highest common divisor of x and z?
40
Let o(f) = -2*f. Let g be o(-2). Let p be 53/(424/(-48)) + 18 + 8. Calculate the greatest common divisor of p and g.
4
Let j = 25 + -365. Let u = -295 - j. What is the greatest common divisor of 45 and u?
45
Let d(m) = 2*m - 2. Let a be d(1). Suppose -5*n = 5*p - 45, 0 = -a*p + 3*p - 3. Suppose 0*l - 48 = -n*l. Calculate the greatest common factor of l and 48.
6
Let j = 859 + -923. Suppose 10 = 2*u - 6. Let v = u - j. Calculate the highest common divisor of 9 and v.
9
Let i = 7804 - 7566. Calculate the greatest common divisor of 126 and i.
14
Let g(p) = -4*p - 182. Let q be g(-52). Suppose -3*r = -1695 + 450. Suppose 5*y + 25 - r = 0. What is the highest common divisor of y and q?
26
Let q be (-13 - -8 - -4*1)*